ivisor of 5 and 5.
5
Calculate the greatest common factor of 4 and 772.
4
What is the greatest common factor of 468 and 252?
36
Calculate the greatest common divisor of 1495 and 15.
5
Calculate the greatest common factor of 430 and 2107.
43
What is the highest common divisor of 198 and 558?
18
Calculate the highest common divisor of 80 and 1808.
16
What is the greatest common divisor of 12096 and 84?
84
Calculate the greatest common divisor of 65 and 715.
65
What is the highest common divisor of 44 and 77?
11
What is the highest common divisor of 26 and 208?
26
Calculate the highest common divisor of 2124 and 44.
4
What is the highest common divisor of 2052 and 12?
12
Calculate the greatest common divisor of 23861 and 1561.
223
What is the highest common factor of 46 and 2369?
23
What is the greatest common divisor of 22 and 5566?
22
Calculate the highest common divisor of 1903 and 132.
11
Calculate the greatest common factor of 168 and 888.
24
Calculate the greatest common factor of 1750 and 14.
14
Calculate the greatest common divisor of 13 and 949.
13
What is the highest common divisor of 185 and 45?
5
Calculate the highest common divisor of 10 and 1370.
10
Calculate the greatest common factor of 287 and 21.
7
What is the highest common factor of 6 and 26?
2
Calculate the highest common factor of 378 and 54.
54
Calculate the highest common divisor of 448 and 84.
28
Calculate the highest common divisor of 3000 and 1740.
60
What is the greatest common factor of 107 and 20972?
107
Calculate the highest common factor of 240 and 852.
12
Calculate the greatest common factor of 89 and 10057.
89
What is the highest common divisor of 23 and 46?
23
What is the greatest common divisor of 1917 and 27?
27
What is the highest common divisor of 603 and 9?
9
Calculate the greatest common factor of 12 and 1236.
12
What is the greatest common factor of 5 and 976?
1
What is the highest common divisor of 26 and 832?
26
What is the greatest common divisor of 16 and 248?
8
What is the highest common divisor of 2569 and 7?
7
What is the greatest common divisor of 22 and 319?
11
Calculate the highest common factor of 5208 and 124.
124
What is the greatest common factor of 76 and 1349?
19
Calculate the highest common factor of 4 and 22.
2
What is the greatest common factor of 6 and 18?
6
What is the highest common factor of 165 and 3597?
33
Calculate the highest common factor of 5054 and 42.
14
Calculate the greatest common factor of 882 and 42.
42
What is the highest common divisor of 36 and 1068?
12
What is the highest common factor of 268 and 16?
4
What is the highest common divisor of 928 and 352?
32
What is the highest common divisor of 8 and 58?
2
Calculate the greatest common divisor of 1769 and 464.
29
What is the highest common divisor of 5092 and 76?
76
What is the greatest common divisor of 11050 and 390?
130
What is the greatest common factor of 84 and 210?
42
Calculate the greatest common factor of 2826 and 54.
18
Calculate the greatest common divisor of 411 and 3.
3
Calculate the highest common factor of 8 and 244.
4
Calculate the highest common divisor of 12 and 96.
12
What is the highest common divisor of 20 and 45?
5
What is the greatest common divisor of 2613 and 1206?
201
What is the greatest common divisor of 5 and 9?
1
What is the greatest common divisor of 1706 and 2?
2
What is the highest common divisor of 8426 and 22?
22
Calculate the highest common divisor of 16 and 14.
2
What is the highest common factor of 20 and 20?
20
Calculate the highest common divisor of 368 and 138.
46
What is the highest common factor of 9167 and 103?
103
Calculate the highest common factor of 35 and 25.
5
Calculate the greatest common divisor of 40 and 190.
10
What is the greatest common divisor of 318 and 2120?
106
What is the highest common factor of 100 and 60?
20
What is the highest common factor of 6 and 15?
3
What is the greatest common factor of 86 and 430?
86
What is the highest common factor of 28 and 364?
28
Calculate the greatest common factor of 21756 and 666.
222
Calculate the greatest common factor of 35 and 6755.
35
Calculate the highest common factor of 10784 and 64.
32
What is the greatest common factor of 22 and 4169?
11
Calculate the highest common divisor of 6 and 3.
3
What is the greatest common divisor of 2028 and 13?
13
What is the highest common factor of 159 and 3657?
159
Calculate the greatest common factor of 2844 and 5056.
316
What is the greatest common divisor of 2300 and 828?
92
Calculate the highest common divisor of 1580 and 20.
20
What is the greatest common factor of 16 and 88?
8
What is the greatest common divisor of 12933 and 27?
27
What is the greatest common factor of 5 and 1190?
5
What is the greatest common factor of 55 and 2885?
5
Calculate the greatest common factor of 520 and 52.
52
Calculate the highest common factor of 150 and 870.
30
What is the highest common divisor of 1591 and 37?
37
What is the greatest common divisor of 3538 and 610?
122
What is the greatest common divisor of 27380 and 20?
20
Calculate the highest common divisor of 6321 and 147.
147
What is the highest common factor of 891 and 66?
33
What is the highest common divisor of 20 and 2260?
20
Calculate the highest common divisor of 135 and 605.
5
Calculate the highest common factor of 73 and 28981.
73
What is the greatest common factor of 522 and 18?
18
Calculate the highest common divisor of 380 and 2052.
76
What is the highest common factor of 46 and 176?
2
What is the highest common factor of 700 and 28?
28
What is the greatest common divisor of 16701 and 586?
293
Calculate the highest common factor of 6589 and 33.
11
What is the highest common divisor of 183 and 34953?
183
Calculate the highest common divisor of 41 and 4.
1
Calculate the greatest common divisor of 5120 and 48.
16
What is the greatest common divisor of 2212 and 79?
79
Calculate the greatest common factor of 777 and 84.
21
Calculate the greatest common divisor of 78 and 2613.
39
What is the highest common divisor of 25916 and 76?
76
What is the highest common factor of 4572 and 12?
12
What is the highest common divisor of 210 and 56?
14
What is the greatest common divisor of 2 and 146?
2
What is the highest common factor of 736 and 176?
16
Calculate the greatest common divisor of 2 and 5.
1
What is the highest common divisor of 39200 and 350?
350
Calculate the highest common factor of 44 and 55.
11
What is the greatest common factor of 6 and 9?
3
Calculate the greatest common divisor of 1 and 192.
1
What is the greatest common factor of 2336 and 803?
73
What is the highest common factor of 64 and 4064?
32
What is the greatest common factor of 1248 and 1344?
96
What is the highest common divisor of 11 and 8?
1
Calculate the greatest common divisor of 126 and 84.
42
Calculate the highest common factor of 1032 and 48.
24
Calculate the greatest common factor of 240 and 15.
15
What is the greatest common divisor of 184 and 40?
8
Calculate the greatest common factor of 2272 and 448.
32
Calculate the highest common factor of 188 and 235.
47
Calculate the greatest common divisor of 66 and 341.
11
Calculate the greatest common divisor of 4958 and 74.
74
Calculate the greatest common factor of 1387 and 19.
19
Calculate the highest common divisor of 3968 and 31.
31
Calculate the highest common divisor of 10 and 18790.
10
Calculate the highest common divisor of 711 and 18.
9
What is the greatest common factor of 1215 and 135?
135
What is the greatest common divisor of 22 and 121?
11
Calculate the greatest common factor of 152 and 266.
38
Calculate the greatest common divisor of 5134 and 578.
34
What is the greatest common factor of 40 and 72?
8
Calculate the highest common factor of 480 and 20.
20
Calculate the greatest common divisor of 1638 and 210.
42
Calculate the highest common divisor of 112 and 140.
28
What is the highest common divisor of 20 and 5380?
20
Calculate the highest common divisor of 1704 and 48.
24
Calculate the greatest common factor of 24 and 42.
6
What is the highest common divisor of 34 and 170?
34
Calculate the highest common divisor of 5100 and 748.
68
What is the highest common factor of 1037 and 255?
17
What is the highest common factor of 217 and 527?
31
What is 